{"id":1031,"date":"2014-09-01T00:42:10","date_gmt":"2014-08-31T22:42:10","guid":{"rendered":"http:\/\/tcms-ski.fr\/wordpress\/?page_id=1031"},"modified":"2018-06-14T13:39:28","modified_gmt":"2018-06-14T11:39:28","slug":"saison-2014-2015","status":"publish","type":"page","link":"https:\/\/tcms-ski.fr\/?page_id=1031","title":{"rendered":"Comptes rendus saison 2014-2015"},"content":{"rendered":"<p>&#8211; <a href=\"http:\/\/tcms-ski.fr\/?p=328\">S\u00e9jour Canyon dans la Vall\u00e9e d\u2019Ossau en ao\u00fbt 2015<\/a><\/p>\n<p>&#8211; <a href=\"http:\/\/tcms-ski.fr\/?p=1035\">S\u00e9jour Multi-activit\u00e9s \u00e0 Port\u00e9 Puymorens du 23 au 27 juillet 2015<\/a><\/p>\n<p>&#8211; <a href=\"http:\/\/tcms-ski.fr\/?p=1041\">Sorties Canyon dans les Pyr\u00e9n\u00e9es Orientales les 11 et 12 juillet 2015<\/a><\/p>\n<p>&#8211; <a href=\"http:\/\/tcms-ski.fr\/?p=6\">Raid Ski de randonn\u00e9e en Gressoney (Mont Rose versant italien) du 18 au 23 avril 2015<\/a><\/p>\n<p>&#8211; <a href=\"http:\/\/tcms-ski.fr\/?p=174\">Sorties Ski de randonn\u00e9e des 28 et 29 mars 2015<\/a><\/p>\n<p>&#8211; <a href=\"http:\/\/tcms-ski.fr\/?p=177\">Sorties Ski de randonn\u00e9e du 7 au 14 mars 2015 (S\u00e9jour Ski alpin \u00e0 Argenti\u00e8re)<\/a><\/p>\n<p>&#8211; <a href=\"http:\/\/tcms-ski.fr\/?p=919\">S\u00e9jour Ski alpin \u00e0 Argenti\u00e8re du 7 au 14 mars 2015<\/a><\/p>\n<p>&#8211; <a href=\"http:\/\/tcms-ski.fr\/?p=1094\">Sorties Ski de randonn\u00e9e des 14 et 15 f\u00e9vrier 2015<\/a><\/p>\n<p>&#8211; <a href=\"http:\/\/tcms-ski.fr\/?p=1097\">S\u00e9jour Nordique \u00e0 Autrans du 31 janvier au 7 f\u00e9vrier 2015<\/a><\/p>\n<p>&#8211; <a href=\"http:\/\/tcms-ski.fr\/?p=1100\">Sorties Ski de randonn\u00e9e des 31 janvier et 1er f\u00e9vrier 2015<\/a><\/p>\n<p>&#8211; <a href=\"http:\/\/tcms-ski.fr\/?p=1103\">Sortie Ski de randonn\u00e9e du 28 janvier 2015<\/a><\/p>\n<p>&#8211; <a href=\"http:\/\/tcms-ski.fr\/?p=1106\">Sortie Ski de randonn\u00e9e du 23 janvier 2015<\/a><\/p>\n<p>&#8211; <a href=\"http:\/\/tcms-ski.fr\/?p=1111\">Sortie Ski de randonn\u00e9e du 20 janvier 2015<\/a><\/p>\n<p>&#8211; <a href=\"http:\/\/tcms-ski.fr\/?p=1115\">Sorties Ski de randonn\u00e9e du 10 au 15 janvier 2015<\/a><\/p>\n<p>&#8211; <a href=\"http:\/\/tcms-ski.fr\/?p=1118\">Semaine entra\u00eenement USCF du 5 au 9 janvier 2015<\/a><\/p>\n<p>&#8211; <a href=\"http:\/\/tcms-ski.fr\/?p=1121\">S\u00e9jour Ski alpin \u00e0 Tignes du 6 au 12 d\u00e9cembre 2014<\/a><\/p>\n","protected":false},"excerpt":{"rendered":"<p>&#8211; S\u00e9jour Canyon dans la Vall\u00e9e d\u2019Ossau en ao\u00fbt 2015 &#8211; S\u00e9jour Multi-activit\u00e9s \u00e0 Port\u00e9 Puymorens du 23 au 27 juillet 2015 &#8211; Sorties Canyon dans les Pyr\u00e9n\u00e9es Orientales les 11 et 12 juillet 2015 &#8211; Raid Ski de randonn\u00e9e en Gressoney (Mont Rose versant italien) du 18 au 23 avril 2015 &#8211; Sorties Ski&#8230;<\/p>\n","protected":false},"author":3,"featured_media":0,"parent":0,"menu_order":0,"comment_status":"closed","ping_status":"closed","template":"","meta":{"footnotes":""},"class_list":["post-1031","page","type-page","status-publish","hentry"],"_links":{"self":[{"href":"https:\/\/tcms-ski.fr\/index.php?rest_route=\/wp\/v2\/pages\/1031","targetHints":{"allow":["GET"]}}],"collection":[{"href":"https:\/\/tcms-ski.fr\/index.php?rest_route=\/wp\/v2\/pages"}],"about":[{"href":"https:\/\/tcms-ski.fr\/index.php?rest_route=\/wp\/v2\/types\/page"}],"author":[{"embeddable":true,"href":"https:\/\/tcms-ski.fr\/index.php?rest_route=\/wp\/v2\/users\/3"}],"replies":[{"embeddable":true,"href":"https:\/\/tcms-ski.fr\/index.php?rest_route=%2Fwp%2Fv2%2Fcomments&post=1031"}],"version-history":[{"count":31,"href":"https:\/\/tcms-ski.fr\/index.php?rest_route=\/wp\/v2\/pages\/1031\/revisions"}],"predecessor-version":[{"id":2359,"href":"https:\/\/tcms-ski.fr\/index.php?rest_route=\/wp\/v2\/pages\/1031\/revisions\/2359"}],"wp:attachment":[{"href":"https:\/\/tcms-ski.fr\/index.php?rest_route=%2Fwp%2Fv2%2Fmedia&parent=1031"}],"curies":[{"name":"wp","href":"https:\/\/api.w.org\/{rel}","templated":true}]}}