{"id":1316,"date":"2012-09-01T00:12:07","date_gmt":"2012-08-31T22:12:07","guid":{"rendered":"http:\/\/tcms-ski.fr\/?page_id=1316"},"modified":"2019-12-26T17:37:39","modified_gmt":"2019-12-26T15:37:39","slug":"saison-2012-2013","status":"publish","type":"page","link":"https:\/\/tcms-ski.fr\/?page_id=1316","title":{"rendered":"Comptes rendus saison 2012-2013"},"content":{"rendered":"<p>&#8211; <a href=\"http:\/\/tcms-ski.fr\/?p=1318\">Journ\u00e9e enfants dans le Canyon de G\u00e8dre le 14 ao\u00fbt 2013<\/a><\/p>\n<p>&#8211; <a href=\"http:\/\/tcms-ski.fr\/?p=1320\">S\u00e9jour Canyon en Sierra de Guara du 17 au 23 juin 2013<\/a><\/p>\n<p>&#8211; <a href=\"http:\/\/tcms-ski.fr\/?p=1323\">Sorties Canyon en Sierra de Guara avec le TCS les 15 et 16 juin 2013<\/a><\/p>\n<p>&#8211; <a href=\"http:\/\/tcms-ski.fr\/?p=1325\">Raid Ski de randonn\u00e9e en Vanoise du 14 au 19 avril 2013<\/a><\/p>\n<p>&#8211; <a href=\"http:\/\/tcms-ski.fr\/?p=1327\">USCF 2013<\/a><\/p>\n<p>&#8211; <a href=\"http:\/\/tcms-ski.fr\/?p=1329\">S\u00e9jour Ski alpin aux Sybelles du 16 au 23 mars 2013<\/a><\/p>\n<p>&#8211; <a href=\"http:\/\/tcms-ski.fr\/?p=1331\">Semaine courses \u00e0 Courchevel en 2013<\/a><\/p>\n<p>&#8211; <a href=\"http:\/\/tcms-ski.fr\/?p=1334\">S\u00e9jour Ski randonn\u00e9e et alpin dans le Queyras du 19 au 26 janvier 2013<\/a><\/p>\n<p>&#8211; <a href=\"http:\/\/tcms-ski.fr\/?p=1336\">Sorties Ski de randonn\u00e9e des 4 et 5 janvier 2013<\/a><\/p>\n<p>&#8211; <a href=\"http:\/\/tcms-ski.fr\/?p=1339\">S\u00e9jour Ski alpin \u00e0 Tignes du 15 au 21 d\u00e9cembre 2012<\/a><\/p>\n<p>&#8211; <a href=\"http:\/\/tcms-ski.fr\/?p=1342\">Sorties Ski de randonn\u00e9e des 14 et 15 d\u00e9cembre 2012<\/a><\/p>\n<p>&#8211; <a href=\"http:\/\/tcms-ski.fr\/?p=1650\">Sortie Canyon de l&rsquo;Estats le 20 septembre 2012<\/a><\/p>\n","protected":false},"excerpt":{"rendered":"<p>&#8211; Journ\u00e9e enfants dans le Canyon de G\u00e8dre le 14 ao\u00fbt 2013 &#8211; S\u00e9jour Canyon en Sierra de Guara du 17 au 23 juin 2013 &#8211; Sorties Canyon en Sierra de Guara avec le TCS les 15 et 16 juin 2013 &#8211; Raid Ski de randonn\u00e9e en Vanoise du 14 au 19 avril 2013 &#8211;&#8230;<\/p>\n","protected":false},"author":3,"featured_media":0,"parent":0,"menu_order":0,"comment_status":"closed","ping_status":"closed","template":"","meta":{"footnotes":""},"class_list":["post-1316","page","type-page","status-publish","hentry"],"_links":{"self":[{"href":"https:\/\/tcms-ski.fr\/index.php?rest_route=\/wp\/v2\/pages\/1316","targetHints":{"allow":["GET"]}}],"collection":[{"href":"https:\/\/tcms-ski.fr\/index.php?rest_route=\/wp\/v2\/pages"}],"about":[{"href":"https:\/\/tcms-ski.fr\/index.php?rest_route=\/wp\/v2\/types\/page"}],"author":[{"embeddable":true,"href":"https:\/\/tcms-ski.fr\/index.php?rest_route=\/wp\/v2\/users\/3"}],"replies":[{"embeddable":true,"href":"https:\/\/tcms-ski.fr\/index.php?rest_route=%2Fwp%2Fv2%2Fcomments&post=1316"}],"version-history":[{"count":18,"href":"https:\/\/tcms-ski.fr\/index.php?rest_route=\/wp\/v2\/pages\/1316\/revisions"}],"predecessor-version":[{"id":3273,"href":"https:\/\/tcms-ski.fr\/index.php?rest_route=\/wp\/v2\/pages\/1316\/revisions\/3273"}],"wp:attachment":[{"href":"https:\/\/tcms-ski.fr\/index.php?rest_route=%2Fwp%2Fv2%2Fmedia&parent=1316"}],"curies":[{"name":"wp","href":"https:\/\/api.w.org\/{rel}","templated":true}]}}

<p>&#8211; <a href="http://tcms-ski.fr/?p=1318">Journée enfants dans le Canyon de Gèdre le 14 août 2013</a></p>
<p>&#8211; <a href="http://tcms-ski.fr/?p=1320">Séjour Canyon en Sierra de Guara du 17 au 23 juin 2013</a></p>
<p>&#8211; <a href="http://tcms-ski.fr/?p=1323">Sorties Canyon en Sierra de Guara avec le TCS les 15 et 16 juin 2013</a></p>
<p>&#8211; <a href="http://tcms-ski.fr/?p=1325">Raid Ski de randonnée en Vanoise du 14 au 19 avril 2013</a></p>
<p>&#8211; <a href="http://tcms-ski.fr/?p=1327">USCF 2013</a></p>
<p>&#8211; <a href="http://tcms-ski.fr/?p=1329">Séjour Ski alpin aux Sybelles du 16 au 23 mars 2013</a></p>
<p>&#8211; <a href="http://tcms-ski.fr/?p=1331">Semaine courses à Courchevel en 2013</a></p>
<p>&#8211; <a href="http://tcms-ski.fr/?p=1334">Séjour Ski randonnée et alpin dans le Queyras du 19 au 26 janvier 2013</a></p>
<p>&#8211; <a href="http://tcms-ski.fr/?p=1336">Sorties Ski de randonnée des 4 et 5 janvier 2013</a></p>
<p>&#8211; <a href="http://tcms-ski.fr/?p=1339">Séjour Ski alpin à Tignes du 15 au 21 décembre 2012</a></p>
<p>&#8211; <a href="http://tcms-ski.fr/?p=1342">Sorties Ski de randonnée des 14 et 15 décembre 2012</a></p>
<p>&#8211; <a href="http://tcms-ski.fr/?p=1650">Sortie Canyon de l&rsquo;Estats le 20 septembre 2012</a></p>

<p>&#8211; Journée enfants dans le Canyon de Gèdre le 14 août 2013 &#8211; Séjour Canyon en Sierra de Guara du 17 au 23 juin 2013 &#8211; Sorties Canyon en Sierra de Guara avec le TCS les 15 et 16 juin 2013 &#8211; Raid Ski de randonnée en Vanoise du 14 au 19 avril 2013 &#8211;&#8230;</p>
