{"id":1882,"date":"2009-09-01T10:35:16","date_gmt":"2009-09-01T08:35:16","guid":{"rendered":"http:\/\/tcms-ski.fr\/?page_id=1882"},"modified":"2019-12-26T18:00:40","modified_gmt":"2019-12-26T16:00:40","slug":"comptes-rendus-saison-2009-2010","status":"publish","type":"page","link":"https:\/\/tcms-ski.fr\/?page_id=1882","title":{"rendered":"Comptes rendus saison 2009-2010"},"content":{"rendered":"<p>&#8211; <a href=\"http:\/\/tcms-ski.fr\/?p=1937\">Semaine Canyon \u00e0 B\u00e9nasque (Espagne) du 3 au 10 juillet 2010<\/a><\/p>\n<p>&#8211; <a href=\"http:\/\/tcms-ski.fr\/?p=1354\">Raid Ski de randonn\u00e9e dans le massif des Ecrins du 15 au 19 mai 2010<\/a><\/p>\n<p>&#8211; <a href=\"http:\/\/tcms-ski.fr\/?p=1930\">Sortie Ski de randonn\u00e9e du 27 mars 2010<\/a><\/p>\n<p>&#8211; <a href=\"http:\/\/tcms-ski.fr\/?p=1928\">Sorties Ski de randonn\u00e9e des 19 et 20 mars 2010<\/a><\/p>\n<p>&#8211; <a href=\"http:\/\/tcms-ski.fr\/?p=1932\">S\u00e9jour Ski alpin aux Arcs du 14 au 20 mars 2010<\/a><\/p>\n<p>&#8211; <a href=\"http:\/\/tcms-ski.fr\/?p=1925\">Sortie Nordique \u00e0 B\u00e9nasque (Espagne) du 5 au 7 mars 2010<\/a><\/p>\n<p>&#8211; <a href=\"http:\/\/tcms-ski.fr\/?p=1923\">Sorties Ski de randonn\u00e9e des 6 et 7 mars 2010<\/a><\/p>\n<p>&#8211; <a href=\"http:\/\/tcms-ski.fr\/?p=1920\">La Transjurassienne du 14 f\u00e9vrier 2010<\/a><\/p>\n<p>&#8211; <a href=\"http:\/\/tcms-ski.fr\/?p=1918\">Sortie Ski de randonn\u00e9e du 14 f\u00e9vrier 2010<\/a><\/p>\n<p>&#8211; <a href=\"http:\/\/tcms-ski.fr\/?p=1913\">Sorties Ski de randonn\u00e9e des 5 et 6 f\u00e9vrier 2010<\/a><\/p>\n<p>&#8211; <a href=\"http:\/\/tcms-ski.fr\/?p=1915\">Semaine courses Ski alpin de l&rsquo;ACSCF \u00e0 Courchevel du 30 janvier au 5 f\u00e9vrier en 2010<\/a><\/p>\n<p>&#8211; <a href=\"http:\/\/tcms-ski.fr\/?p=1910\">S\u00e9jour Nordique \u00e0 N\u00e9vache en 2010<\/a><\/p>\n<p>&#8211; <a href=\"http:\/\/tcms-ski.fr\/?p=1906\">La Foul\u00e9e Blanche \u00e0 Autrans le 24 janvier 2010<\/a><\/p>\n<p>&#8211; <a href=\"http:\/\/tcms-ski.fr\/?p=1901\">Sorties Ski de randonn\u00e9e des 23 et 24 janvier 2010<\/a><\/p>\n<p>&#8211; <a href=\"http:\/\/tcms-ski.fr\/?p=1899\">Sorties Ski de randonn\u00e9e des 15 et 16 janvier 2010<\/a><\/p>\n<p>&#8211; <a href=\"http:\/\/tcms-ski.fr\/?p=1904\">Un coureur du TCMS au Marathon de Bessans en janvier 2010<\/a><\/p>\n<p>&#8211; <a href=\"http:\/\/tcms-ski.fr\/?p=1893\">Semaine entra\u00eenement course Ski alpin du 4 au 8 janvier 2010<\/a><\/p>\n<p>&#8211; <a href=\"http:\/\/tcms-ski.fr\/?p=1891\">S\u00e9jour Ski alpin \u00e0 Tignes du 12 au 18 d\u00e9cembre 2009<\/a><\/p>\n<p>&#8211; <a href=\"http:\/\/tcms-ski.fr\/?p=1885\">Sorties Ski de randonn\u00e9e des 11 et 12 d\u00e9cembre 2009<\/a><\/p>\n<p>&#8211; <a href=\"http:\/\/tcms-ski.fr\/?p=1952\">Sorties Canyon en Sierra de Guara du 10 au 14 octobre 2009 <\/a><\/p>\n","protected":false},"excerpt":{"rendered":"<p>&#8211; Semaine Canyon \u00e0 B\u00e9nasque (Espagne) du 3 au 10 juillet 2010 &#8211; Raid Ski de randonn\u00e9e dans le massif des Ecrins du 15 au 19 mai 2010 &#8211; Sortie Ski de randonn\u00e9e du 27 mars 2010 &#8211; Sorties Ski de randonn\u00e9e des 19 et 20 mars 2010 &#8211; S\u00e9jour Ski alpin aux Arcs du&#8230;<\/p>\n","protected":false},"author":3,"featured_media":0,"parent":0,"menu_order":0,"comment_status":"closed","ping_status":"closed","template":"","meta":{"footnotes":""},"class_list":["post-1882","page","type-page","status-publish","hentry"],"_links":{"self":[{"href":"https:\/\/tcms-ski.fr\/index.php?rest_route=\/wp\/v2\/pages\/1882","targetHints":{"allow":["GET"]}}],"collection":[{"href":"https:\/\/tcms-ski.fr\/index.php?rest_route=\/wp\/v2\/pages"}],"about":[{"href":"https:\/\/tcms-ski.fr\/index.php?rest_route=\/wp\/v2\/types\/page"}],"author":[{"embeddable":true,"href":"https:\/\/tcms-ski.fr\/index.php?rest_route=\/wp\/v2\/users\/3"}],"replies":[{"embeddable":true,"href":"https:\/\/tcms-ski.fr\/index.php?rest_route=%2Fwp%2Fv2%2Fcomments&post=1882"}],"version-history":[{"count":13,"href":"https:\/\/tcms-ski.fr\/index.php?rest_route=\/wp\/v2\/pages\/1882\/revisions"}],"predecessor-version":[{"id":3279,"href":"https:\/\/tcms-ski.fr\/index.php?rest_route=\/wp\/v2\/pages\/1882\/revisions\/3279"}],"wp:attachment":[{"href":"https:\/\/tcms-ski.fr\/index.php?rest_route=%2Fwp%2Fv2%2Fmedia&parent=1882"}],"curies":[{"name":"wp","href":"https:\/\/api.w.org\/{rel}","templated":true}]}}