{"id":32,"date":"2015-08-06T13:43:51","date_gmt":"2015-08-06T11:43:51","guid":{"rendered":"https:\/\/tcmsski.wordpress.com\/?page_id=32"},"modified":"2025-12-22T10:19:28","modified_gmt":"2025-12-22T08:19:28","slug":"canyoning","status":"publish","type":"page","link":"https:\/\/tcms-ski.fr\/?page_id=32","title":{"rendered":"Canyoning"},"content":{"rendered":"\t\t<div data-elementor-type=\"wp-page\" data-elementor-id=\"32\" class=\"elementor elementor-32\">\n\t\t\t\t\t\t<section class=\"elementor-section elementor-top-section elementor-element elementor-element-23752d90 elementor-section-boxed elementor-section-height-default elementor-section-height-default\" data-id=\"23752d90\" data-element_type=\"section\">\n\t\t\t\t\t\t<div class=\"elementor-container elementor-column-gap-default\">\n\t\t\t\t\t<div class=\"elementor-column elementor-col-100 elementor-top-column elementor-element elementor-element-6bb830fe\" data-id=\"6bb830fe\" data-element_type=\"column\">\n\t\t\t<div class=\"elementor-widget-wrap elementor-element-populated\">\n\t\t\t\t\t\t<div class=\"elementor-element elementor-element-371963c8 elementor-widget elementor-widget-text-editor\" data-id=\"371963c8\" data-element_type=\"widget\" data-widget_type=\"text-editor.default\">\n\t\t\t\t<div class=\"elementor-widget-container\">\n\t\t\t\t\t\t\t\t\t<p><span style=\"color: #000000;\">La descente sportive de canyon, activit\u00e9 en plein d\u00e9veloppement depuis une dizaine d\u2019ann\u00e9e est arriv\u00e9e au printemps 2007 au sein de la section Ski &amp; Montagne du TCMS.<\/span><\/p><p><span style=\"color: #000000;\">Marche, saut, toboggans, rappels, nage, la pratique du canyon est une activit\u00e9 ludique pleine de sensations qui saura vous faire \u00abd\u00e9connecter \u00bb le temps d\u2019une journ\u00e9e ou d\u2019un week-end.<\/span><br \/><span style=\"color: #000000;\">Mais attention le canyoning reste une activit\u00e9 sportive exigeante demandant une bonne condition physique.<\/span><br \/><span style=\"color: #000000;\">Les sorties sont adapt\u00e9es au groupe, ax\u00e9es sur la d\u00e9couverte de l\u2019activit\u00e9 par le choix de descente d\u2019initiation soit plus techniques si les participants ont d\u00e9j\u00e0 pratiqu\u00e9 cette activit\u00e9.<\/span><\/p><h4><span style=\"color: #000000;\">Mat\u00e9riel individuel n\u00e9cessaire \u00e0 la pratique de l\u2019activit\u00e9\u00a0:<\/span><\/h4><ul><li><span style=\"color: #000000;\">Combinaison n\u00e9opr\u00e8ne (5mm minimum)<\/span><\/li><li><span style=\"color: #000000;\">Chaussons n\u00e9opr\u00e8ne<\/span><\/li><li><span style=\"color: #000000;\">Chaussures adapt\u00e9es (bon maintien du pied)<\/span><\/li><li><span style=\"color: #000000;\">Casque (fourni par le club)<\/span><\/li><li><span style=\"color: #000000;\">Baudrier avec une longe double (fourni par le club)<\/span><\/li><li><span style=\"color: #000000;\">Sac \u00e0 dos auto videur (fourni par le club)<\/span><\/li><li><span style=\"color: #000000;\">Bidon \u00e9tanche (fourni par le club)<\/span><\/li><li><span style=\"color: #000000;\">Maillot de bain \/ serviette<\/span><\/li><li><span style=\"color: #000000;\">Pique nique et barres de c\u00e9r\u00e9ales, de l\u2019eau\u2026<\/span><\/li><\/ul><p><span style=\"color: #000000;\">Nous disposons actuellement de 7 \u00e9quipements de pr\u00eat (baudrier, casque et sac) et sommes trois cadres de la FFME habilit\u00e9s \u00e0 encadrer des sorties de club.<\/span><\/p><p><span style=\"color: #000000;\"><strong>Location des combinaisons et des \u00e9quipements n\u00e9cessaires :<\/strong> l\u2019accompagnateur vous informera des possibilit\u00e9s de location.<\/span><\/p><h4><span style=\"color: #000000;\">Assurance\u00a0:<\/span><\/h4><p><span style=\"color: #000000;\">Vous devez justifier la possession d\u2019une licence \u00ab\u00a0Annuelle\u00a0\u00bb FFME\u00a0\u00bb pour la pratique de l&rsquo;activit\u00e9 (attestation \u00e0 pr\u00e9senter). Contact St\u00e9phane LESTAGE (correspondant FFME du club).<\/span><\/p><p><span style=\"color: #000000;\">A d\u00e9faut, l\u2019accompagnateur vous proposera une licence \u00ab\u00a0D\u00e9couverte\u00a0\u00bb FFME journali\u00e8re (1 jour au co\u00fbt de : 5,00 \u20ac) ou hebdomadaire (7 jours au co\u00fbt de : 14,00 \u20ac) dans la limite de trois licences \u00ab\u00a0D\u00e9couverte\u00a0\u00bb (journali\u00e8re et\/ou hebdomadaire cumul\u00e9es) sur une saison. Vous devez dans ce cas lui fournir au plus tard la veille vos nom, pr\u00e9nom, adresse et date de naissance.<\/span><\/p><h4><span style=\"color: #000000;\">Contacts\u00a0:<\/span><\/h4><ul><li><a href=\"https:\/\/tcms-ski.fr\/?page_id=405\"><span style=\"color: #000000;\"><span style=\"color: #008000;\"><strong>Benjamin CARAYON<\/strong><\/span><\/span><\/a><\/li><li><span style=\"color: #008000;\"><a style=\"color: #008000;\" href=\"https:\/\/tcms-ski.fr\/?page_id=405\"><strong>J\u00e9r\u00f4me LAUMOND<\/strong><\/a><\/span><\/li><\/ul>\t\t\t\t\t\t\t\t<\/div>\n\t\t\t\t<\/div>\n\t\t\t\t\t<\/div>\n\t\t<\/div>\n\t\t\t\t\t<\/div>\n\t\t<\/section>\n\t\t\t\t<\/div>\n\t\t","protected":false},"excerpt":{"rendered":"<p>La descente sportive de canyon, activit\u00e9 en plein d\u00e9veloppement depuis une dizaine d\u2019ann\u00e9e est arriv\u00e9e au printemps 2007 au sein de la section Ski &amp; Montagne du TCMS. Marche, saut, toboggans, rappels, nage, la pratique du canyon est une activit\u00e9 ludique pleine de sensations qui saura vous faire \u00abd\u00e9connecter \u00bb le temps d\u2019une journ\u00e9e ou&#8230;<\/p>\n","protected":false},"author":2,"featured_media":0,"parent":0,"menu_order":0,"comment_status":"closed","ping_status":"closed","template":"","meta":{"footnotes":""},"class_list":["post-32","page","type-page","status-publish","hentry"],"_links":{"self":[{"href":"https:\/\/tcms-ski.fr\/index.php?rest_route=\/wp\/v2\/pages\/32","targetHints":{"allow":["GET"]}}],"collection":[{"href":"https:\/\/tcms-ski.fr\/index.php?rest_route=\/wp\/v2\/pages"}],"about":[{"href":"https:\/\/tcms-ski.fr\/index.php?rest_route=\/wp\/v2\/types\/page"}],"author":[{"embeddable":true,"href":"https:\/\/tcms-ski.fr\/index.php?rest_route=\/wp\/v2\/users\/2"}],"replies":[{"embeddable":true,"href":"https:\/\/tcms-ski.fr\/index.php?rest_route=%2Fwp%2Fv2%2Fcomments&post=32"}],"version-history":[{"count":36,"href":"https:\/\/tcms-ski.fr\/index.php?rest_route=\/wp\/v2\/pages\/32\/revisions"}],"predecessor-version":[{"id":9145,"href":"https:\/\/tcms-ski.fr\/index.php?rest_route=\/wp\/v2\/pages\/32\/revisions\/9145"}],"wp:attachment":[{"href":"https:\/\/tcms-ski.fr\/index.php?rest_route=%2Fwp%2Fv2%2Fmedia&parent=32"}],"curies":[{"name":"wp","href":"https:\/\/api.w.org\/{rel}","templated":true}]}}