{"id":6096,"date":"2023-03-14T00:54:02","date_gmt":"2023-03-13T22:54:02","guid":{"rendered":"https:\/\/tcms-ski.fr\/?page_id=6096"},"modified":"2023-05-03T09:03:05","modified_gmt":"2023-05-03T07:03:05","slug":"comptes-rendus-saison-2022-2023","status":"publish","type":"page","link":"https:\/\/tcms-ski.fr\/?page_id=6096","title":{"rendered":"Comptes rendus saison 2022-2023"},"content":{"rendered":"\t\t<div data-elementor-type=\"wp-page\" data-elementor-id=\"6096\" class=\"elementor elementor-6096\">\n\t\t\t\t\t\t<section class=\"elementor-section elementor-top-section elementor-element elementor-element-b6059e9 elementor-section-boxed elementor-section-height-default elementor-section-height-default\" data-id=\"b6059e9\" data-element_type=\"section\">\n\t\t\t\t\t\t<div class=\"elementor-container elementor-column-gap-default\">\n\t\t\t\t\t<div class=\"elementor-column elementor-col-100 elementor-top-column elementor-element elementor-element-baa73dc\" data-id=\"baa73dc\" data-element_type=\"column\">\n\t\t\t<div class=\"elementor-widget-wrap elementor-element-populated\">\n\t\t\t\t\t\t<div class=\"elementor-element elementor-element-df90af1 elementor-widget elementor-widget-text-editor\" data-id=\"df90af1\" data-element_type=\"widget\" data-widget_type=\"text-editor.default\">\n\t\t\t\t<div class=\"elementor-widget-container\">\n\t\t\t\t\t\t\t\t\t<p><span style=\"color: #ff6600;\">&#8211; <a style=\"color: #ff6600;\" href=\"https:\/\/tcms-ski.fr\/?p=6021\">S\u00e9jour multi-activit\u00e9s hiver \u00e0 Molines (Queyras) du 7 au 14 janvier 2023<\/a><br \/><\/span><\/p><p><span style=\"color: #ff6600;\">&#8211; <a style=\"color: #ff6600;\" href=\"https:\/\/tcms-ski.fr\/?p=6254\">S\u00e9jour Ski alpin \u00e0 Baqueira (Espagne) du 22 au 27 janvier 2023\u00a0<\/a><\/span><\/p><p><span style=\"color: #ff6600;\">&#8211; <a style=\"color: #ff6600;\" href=\"https:\/\/tcms-ski.fr\/?p=6545\">S\u00e9jour Ski alpin \u00e0 Vallnord (Andorre) du 5 au 10 mars 2023<\/a><\/span><\/p><p><span style=\"color: #ff6600;\">&#8211; <a style=\"color: #ff6600;\" href=\"https:\/\/tcms-ski.fr\/?p=6336\">S\u00e9jour Ski de randonn\u00e9e en Haute-Tarentaise et Haute-Maurienne du 1er au 7 avril 2023<\/a><\/span><\/p>\t\t\t\t\t\t\t\t<\/div>\n\t\t\t\t<\/div>\n\t\t\t\t\t<\/div>\n\t\t<\/div>\n\t\t\t\t\t<\/div>\n\t\t<\/section>\n\t\t\t\t<\/div>\n\t\t","protected":false},"excerpt":{"rendered":"<p>&#8211; S\u00e9jour multi-activit\u00e9s hiver \u00e0 Molines (Queyras) du 7 au 14 janvier 2023 &#8211; S\u00e9jour Ski alpin \u00e0 Baqueira (Espagne) du 22 au 27 janvier 2023\u00a0 &#8211; S\u00e9jour Ski alpin \u00e0 Vallnord (Andorre) du 5 au 10 mars 2023 &#8211; S\u00e9jour Ski de randonn\u00e9e en Haute-Tarentaise et Haute-Maurienne du 1er au 7 avril 2023<\/p>\n","protected":false},"author":3,"featured_media":0,"parent":0,"menu_order":0,"comment_status":"closed","ping_status":"closed","template":"","meta":{"footnotes":""},"class_list":["post-6096","page","type-page","status-publish","hentry"],"_links":{"self":[{"href":"https:\/\/tcms-ski.fr\/index.php?rest_route=\/wp\/v2\/pages\/6096","targetHints":{"allow":["GET"]}}],"collection":[{"href":"https:\/\/tcms-ski.fr\/index.php?rest_route=\/wp\/v2\/pages"}],"about":[{"href":"https:\/\/tcms-ski.fr\/index.php?rest_route=\/wp\/v2\/types\/page"}],"author":[{"embeddable":true,"href":"https:\/\/tcms-ski.fr\/index.php?rest_route=\/wp\/v2\/users\/3"}],"replies":[{"embeddable":true,"href":"https:\/\/tcms-ski.fr\/index.php?rest_route=%2Fwp%2Fv2%2Fcomments&post=6096"}],"version-history":[{"count":46,"href":"https:\/\/tcms-ski.fr\/index.php?rest_route=\/wp\/v2\/pages\/6096\/revisions"}],"predecessor-version":[{"id":6571,"href":"https:\/\/tcms-ski.fr\/index.php?rest_route=\/wp\/v2\/pages\/6096\/revisions\/6571"}],"wp:attachment":[{"href":"https:\/\/tcms-ski.fr\/index.php?rest_route=%2Fwp%2Fv2%2Fmedia&parent=6096"}],"curies":[{"name":"wp","href":"https:\/\/api.w.org\/{rel}","templated":true}]}}

<div data-elementor-type="wp-page" data-elementor-id="6096" class="elementor elementor-6096">
						<section class="elementor-section elementor-top-section elementor-element elementor-element-b6059e9 elementor-section-boxed elementor-section-height-default elementor-section-height-default" data-id="b6059e9" data-element_type="section">
						<div class="elementor-container elementor-column-gap-default">
					<div class="elementor-column elementor-col-100 elementor-top-column elementor-element elementor-element-baa73dc" data-id="baa73dc" data-element_type="column">
			<div class="elementor-widget-wrap elementor-element-populated">
						<div class="elementor-element elementor-element-df90af1 elementor-widget elementor-widget-text-editor" data-id="df90af1" data-element_type="widget" data-widget_type="text-editor.default">
				<div class="elementor-widget-container">
									<p><span style="color: #ff6600;">&#8211; <a style="color: #ff6600;" href="https://tcms-ski.fr/?p=6021">Séjour multi-activités hiver à Molines (Queyras) du 7 au 14 janvier 2023</a><br /></span></p><p><span style="color: #ff6600;">&#8211; <a style="color: #ff6600;" href="https://tcms-ski.fr/?p=6254">Séjour Ski alpin à Baqueira (Espagne) du 22 au 27 janvier 2023 </a></span></p><p><span style="color: #ff6600;">&#8211; <a style="color: #ff6600;" href="https://tcms-ski.fr/?p=6545">Séjour Ski alpin à Vallnord (Andorre) du 5 au 10 mars 2023</a></span></p><p><span style="color: #ff6600;">&#8211; <a style="color: #ff6600;" href="https://tcms-ski.fr/?p=6336">Séjour Ski de randonnée en Haute-Tarentaise et Haute-Maurienne du 1er au 7 avril 2023</a></span></p>								</div>
				</div>
					</div>
		</div>
					</div>
		</section>
				</div>

<p>&#8211; Séjour multi-activités hiver à Molines (Queyras) du 7 au 14 janvier 2023 &#8211; Séjour Ski alpin à Baqueira (Espagne) du 22 au 27 janvier 2023  &#8211; Séjour Ski alpin à Vallnord (Andorre) du 5 au 10 mars 2023 &#8211; Séjour Ski de randonnée en Haute-Tarentaise et Haute-Maurienne du 1er au 7 avril 2023</p>
